22903 is divided by 52.
39
Calculate the remainder when 4306116 is divided by 8824.
4
What is the remainder when 150959877 is divided by 360?
357
Calculate the remainder when 219419823 is divided by 35.
28
Calculate the remainder when 736932 is divided by 734.
730
What is the remainder when 180886566 is divided by 4?
2
What is the remainder when 7188486 is divided by 16994?
24
Calculate the remainder when 86705439 is divided by 10160.
10159
What is the remainder when 49315 is divided by 24462?
391
What is the remainder when 1017680 is divided by 508836?
8
What is the remainder when 1540279 is divided by 770123?
33
Calculate the remainder when 58655 is divided by 384.
287
Calculate the remainder when 2694812 is divided by 1347384.
44
Calculate the remainder when 51141750 is divided by 145289.
22
Calculate the remainder when 833978 is divided by 138854.
854
Calculate the remainder when 7710248 is divided by 63.
56
What is the remainder when 148398 is divided by 538?
448
What is the remainder when 1454629 is divided by 28?
1
What is the remainder when 139590 is divided by 1998?
1728
Calculate the remainder when 18223112 is divided by 692.
676
Calculate the remainder when 12747107 is divided by 65.
22
What is the remainder when 331106 is divided by 1978?
780
Calculate the remainder when 615831 is divided by 47.
37
What is the remainder when 90253 is divided by 89968?
285
Calculate the remainder when 879699 is divided by 22552.
171
What is the remainder when 12342079 is divided by 342832?
127
Calculate the remainder when 629746 is divided by 6919.
117
Calculate the remainder when 5921120 is divided by 243.
182
Calculate the remainder when 12662187 is divided by 105.
27
What is the remainder when 8021952 is divided by 2409?
2391
Calculate the remainder when 26401 is divided by 5234.
231
What is the remainder when 794016 is divided by 134?
66
What is the remainder when 413666 is divided by 2234?
376
What is the remainder when 200501 is divided by 7712?
7701
What is the remainder when 242528 is divided by 14266?
6
What is the remainder when 17276752 is divided by 1080?
1072
What is the remainder when 2477331 is divided by 275259?
0
Calculate the remainder when 1554686 is divided by 256.
254
Calculate the remainder when 1110108807 is divided by 73.
70
What is the remainder when 592571 is divided by 74035?
291
Calculate the remainder when 334437 is divided by 111426.
159
Calculate the remainder when 48317 is divided by 3256.
2733
What is the remainder when 53118 is divided by 2137?
1830
Calculate the remainder when 4025399 is divided by 830.
729
What is the remainder when 12338679 is divided by 48963?
3
Calculate the remainder when 344773 is divided by 510.
13
Calculate the remainder when 4470747 is divided by 131492.
19
What is the remainder when 1871760 is divided by 28?
16
Calculate the remainder when 825467 is divided by 10.
7
What is the remainder when 1305419 is divided by 10700?
19
What is the remainder when 2879397 is divided by 1076?
21
What is the remainder when 357882 is divided by 2081?
2031
Calculate the remainder when 218693 is divided by 140.
13
Calculate the remainder when 60546 is divided by 19862.
960
Calculate the remainder when 11163457 is divided by 227825.
32
Calculate the remainder when 43485531 is divided by 10.
1
What is the remainder when 2740 is divided by 705?
625
Calculate the remainder when 10332424 is divided by 488.
0
Calculate the remainder when 1836405 is divided by 48308.
701
Calculate the remainder when 6896032 is divided by 48908.
4
What is the remainder when 139560333 is divided by 12687300?
33
Calculate the remainder when 3371549 is divided by 26.
25
Calculate the remainder when 14566609 is divided by 220705.
79
Calculate the remainder when 62393 is divided by 8438.
3327
Calculate the remainder when 58269 is divided by 9602.
657
Calculate the remainder when 530906 is divided by 370.
326
Calculate the remainder when 238566 is divided by 79520.
6
What is the remainder when 114262 is divided by 56982?
298
Calculate the remainder when 4817725 is divided by 1799.
3
Calculate the remainder when 2246399 is divided by 5361.
140
What is the remainder when 61265924 is divided by 191?
0
Calculate the remainder when 605209 is divided by 763.
150
Calculate the remainder when 19064317 is divided by 13.
12
Calculate the remainder when 7358161 is divided by 773.
747
Calculate the remainder when 4718055 is divided by 674006.
13
Calculate the remainder when 8053375 is divided by 795.
25
What is the remainder when 1053360 is divided by 168?
0
Calculate the remainder when 13863786 is divided by 527.
524
What is the remainder when 113286 is divided by 113278?
8
What is the remainder when 23233271 is divided by 75?
71
What is the remainder when 16267 is divided by 663?
355
Calculate the remainder when 1328535 is divided by 132816.
375
Calculate the remainder when 1183174 is divided by 3026.
8
Calculate the remainder when 60595 is divided by 18347.
5554
What is the remainder when 2591821 is divided by 1295817?
187
What is the remainder when 4837407 is divided by 354?
351
Calculate the remainder when 2206919 is divided by 83.
32
What is the remainder when 14977914 is divided by 2496316?
18
What is the remainder when 310085 is divided by 1682?
597
What is the remainder when 54713140 is divided by 66?
64
Calculate the remainder when 174046206 is divided by 3584.
3582
Calculate the remainder when 16065933 is divided by 306.
15
Calculate the remainder when 714060 is divided by 1733.
64
What is the remainder when 138346492 is divided by 78?
76
Calculate the remainder when 930997 is divided by 5510.
5317
Calculate the remainder when 1243172 is divided by 621574.
24
What is the remainder when 335510 is divided by 93?
59
What is the remainder when 504091 is divided by 13994?
307
Calculate the remainder when 662062 is divided by 1213.
977
Calculate the remainder when 9329093 is divided by 77099.
114
What is the remainder when 182253 is divided by 799?
81
Calculate the remainder when 99901 is divided by 47101.
5699
What is the remainder when 37537 is divided by 205?
22
Calculate the remainder when 18139343 is divided by 47485.
73
Calculate the remainder when 46728899 is divided by 300.
299
What is the remainder when 244405 is divided by 24434?
65
What is the remainder when 748065 is divided by 373788?
489
What is the remainder when 504862 is divided by 91?
85
Calculate the remainder when 5042947 is divided by 39397.
131
Calculate the remainder when 240855 is divided by 2019.
594
Calculate the remainder when 1381739 is divided by 460518.
185
What is the remainder when 204153 is divided by 218?
105
What is the remainder when 17899516 is divided by 223?
198
Calculate the remainder when 8691172 is divided by 234896.
20
Calculate the remainder when 96884 is divided by 1284.
584
Calculate the remainder when 804557 is divided by 2059.
1547
What is the remainder when 7528217 is divided by 7528200?
17
Calculate the remainder when 96114 is divided by 257.
253
What is the remainder when 636336 is divided by 4648?
4208
What is the remainder when 368771 is divided by 474?
473
What is the remainder when 439992 is divided by 87994?
22
What is the remainder when 86460 is divided by 3601?
36
What is the remainder when 164333 is divided by 5297?
126
What is the remainder when 12374118 is divided by 382?
374
Calculate the remainder when 510817 is divided by 102071.
462
Calculate the remainder when 2221839 is divided by 422.
9
Calculate the remainder when 879854 is divided by 489.
143
What is the remainder when 2583889 is divided by 645967?
21
Calculate the remainder when 18466707 is divided by 1799.
1771
Calculate the remainder when 16656359 is divided by 37346.
43
What is the remainder when 47721805 is divided by 21?
19
What is the remainder when 143833 is divided by 1217?
227
Calculate the remainder when 220100 is divided by 15706.
216
Calculate the remainder when 13839313 is divided by 103.
27
What is the remainder when 28328040 is divided by 954?
918
Calculate the remainder when 2698573 is divided by 269849.
83
What is the remainder when 116559858 is divided by 529?
527
What is the remainder when 20371258 is divided by 1820?
1818
What is the remainder when 4